 -25686 + 26948. Calculate the greatest common factor of 4 and q.
2
Suppose -1284*p + 1293*p + 144 = 0. Let t = -58 - -101. Let r = t + p. What is the greatest common divisor of r and 27?
27
Let q(b) = 2*b**2 - 4*b + 2. Let o be q(2). Suppose -j + 5*r + 24 = 0, j + 0*r = o*r + 36. Calculate the highest common factor of 33 and j.
11
Let x be (-5)/(-1) - (-2 - (-75)/(-3)). Suppose 6*s - 112 - x = 0. What is the greatest common factor of s and 40?
8
Suppose 0 = -2*c + 14, -3*t - 2*c + 132 = -1730. Calculate the greatest common divisor of 1288 and t.
56
Let u(y) be the first derivative of y**3/3 - 7*y**2 - 7*y + 28. Let b be u(15). What is the greatest common factor of b and 24?
8
Let q = -12226 + 16866. Calculate the highest common factor of q and 20.
20
Let g = 198801 + -198781. Suppose 0*m + 2*m - 920 = 0. Calculate the highest common factor of m and g.
20
Suppose 33*o + 3*w - 153252 = 21*o, -2*w = o - 12778. What is the highest common factor of o and 10?
10
Let b(t) = 7*t**2 - 9*t**3 + 8*t**3 + 6 - 3*t - t**2. Let n be b(4). Let a = n - 23. Calculate the greatest common factor of 21 and a.
3
Let w be (-56)/(-196) - ((-948)/7)/2. Suppose b + 2*c = 74, b - w - 2 = 2*c. What is the highest common factor of b and 792?
72
Let y(k) = -2*k**3 + 2*k**2 - 5*k + 4. Let i be y(-5). Let f = 1032 - 901. Suppose -i = -g - f. What is the highest common divisor of 18 and g?
18
Suppose -60*i + 59*i = 187. Let r = -159 - i. Suppose 3*d = -5*w + 295, d + 219 = 5*w - w. What is the greatest common factor of w and r?
28
Suppose 3*u = u + 19 + 97. What is the highest common factor of 40 and u?
2
Let x = -36 - -99. Suppose 4*k - 4*n + 28 = 0, 5*k + 4 = -2*n - 52. Let s be (-15)/(-2)*(-56)/k. Calculate the highest common divisor of x and s.
21
Let z be (-72 + 80)/(2/79). What is the highest common factor of z and 3002?
158
Let a be (-16 + -5 + 20)/((-1)/24856). Calculate the highest common divisor of 104 and a.
104
Let v(q) = 2*q + 3. Let i be v(11). Let s = i - -4. What is the highest common factor of 261 and s?
29
Suppose -3*u - 3*t + 18057 = 6627, 2*u = -3*t + 7623. Calculate the greatest common factor of 567 and u.
81
Suppose -4*h + 2*h = -5*d - 18, -22 = -3*h + 5*d. Suppose -h*o + 158 + 70 = 0. Let m = o + 31. Calculate the greatest common divisor of m and 11.
11
Suppose -8 = 4*q - 0*q, 2*q + 4 = -s. Suppose p = r + 6, s = p - 2*r - 0*r - 11. Let g be 12/(-18)*(-10 + -2). What is the greatest common divisor of p and g?
1
Suppose 0 = -4*l - 4*r - 396, -4*r = l - 0*l + 90. Let p be 1683/l*(-1 - (3 - 2)). What is the highest common divisor of 99 and p?
33
Let r be 2 + 75/(-36) + (-3138760)/(-480). Calculate the highest common factor of 52 and r.
13
Suppose 8*c + 286 = 502. Calculate the greatest common factor of c and 1179.
9
Let s be 52 + (-21728)/840 + 2/(-15). Suppose -676 = m - 5*m. Calculate the highest common factor of s and m.
13
Let l be (-5)/(-20) + (-429)/4. Let c = l - -135. Calculate the greatest common divisor of 98 and c.
14
Let b be (31/2)/(26/286)*2. Suppose -60 = -3*i + 33. What is the greatest common factor of b and i?
31
Suppose -k - 60 = -3*k + 4*y, 5*k + 5*y = 225. Suppose 50*a - 298 = 47*a - 2*u, 5*u = -5*a + 485. What is the highest common divisor of a and k?
8
Let b(k) = -k**3 + 6*k**2 + 101*k - 510. Let m be b(6). What is the greatest common divisor of m and 2328?
24
Let d = 1055 + -509. Let i = -637 + 643. Calculate the highest common divisor of d and i.
6
Let y be 1/9 + (1784456/(-72))/(-17). Calculate the greatest common factor of y and 9.
9
Let o(r) = r**2 - 5*r - 4. Let n be o(6). Let m be -9*(-1)/(n/10). Let k be ((-12)/8)/((-27)/12)*m. What is the greatest common factor of 15 and k?
15
Suppose 40 = -3*v - 2*k + 181, -k = 5*v - 235. Let s = 657 - 658. Let x be s + 92 + 192/64. What is the highest common divisor of x and v?
47
Let j = -128 + 164. Let a be 1645/7 - 7/1. Calculate the highest common factor of a and j.
12
Let y = -61 + 59. Let g be (-3 - y)/((-1)/3) + 7. Suppose f = -5*d - 11, -2*f + d + g = 3*d. What is the highest common factor of 81 and f?
9
Let m(n) = -28*n + 27. Let d(z) = -84*z + 84. Let g(q) = 4*d(q) - 11*m(q). Let v be g(0). Calculate the greatest common divisor of v and 13.
13
Suppose 5*d - 3*i = 38, 3*d - 10 = -8*i + 13*i. Let t(z) = -z - 2. Let o be t(0). Let j be 73 + o/((-8)/(-12)). Calculate the highest common factor of j and d.
10
Suppose p - 5*p = -8*p + 20. What is the highest common factor of p and 9745?
5
Let p be 97/(-388) + (4/(-12))/(8/(-129534)). Calculate the highest common factor of 84 and p.
21
Let d(v) = -511*v**2 - 4087*v + 34. Let m be d(-8). Let j = 2 - 2. Let p be j/(-1) + 39 + 0. Calculate the greatest common divisor of m and p.
13
Suppose -374 = -5*z - 2*m, -4*z + 319 = -m + 25. What is the greatest common factor of z and 8?
2
Let o(k) = k**2 - 12*k - 401. Let j be o(-15). What is the highest common factor of 167 and j?
1
Let o = 203 + -126. Calculate the greatest common factor of 1837 and o.
11
Suppose 5*s - 6 = 4. Suppose -s*t + 154 = 5*i - 95, 3*i - 3*t = 162. Let v be (22 - 22)*(-2)/(-4) + 3. What is the greatest common factor of i and v?
3
Suppose -4*y - 47*v + 21478 = -50*v, 0 = 5*y + 5*v - 26865. What is the highest common factor of y and 164?
41
Let x(v) = -v + 31. Let a(b) = -b + 63. Let i(z) = -2*a(z) + 5*x(z). Suppose 23 = -13*g + 140. Let j be i(g). Calculate the greatest common divisor of j and 20.
2
Let c = 2209 + -1769. Calculate the greatest common divisor of c and 80.
40
Let b be 6/9*9 + (-66066)/(-182). What is the highest common factor of 8733 and b?
123
Let u be 63168/4704 - ((-3)/(-7) + 0). What is the greatest common factor of 2093 and u?
13
Let z(h) = -5*h - 25. Let c be z(-5). Suppose 18*s - 430 - 56 = c. Let m = 13 + -4. Calculate the highest common factor of s and m.
9
Let y = 3360 + -3192. Calculate the highest common factor of 120 and y.
24
Suppose r = -r - x + 2715, 2*x - 4075 = -3*r. Calculate the greatest common divisor of 25 and r.
5
Let y = 124 - -91. Suppose -y = -c + 71. What is the greatest common divisor of c and 26?
26
Suppose 182*l - 1283872 - 605873 = 69303. Calculate the greatest common divisor of 117 and l.
117
Suppose -12*r + 9 = -9*r. Suppose 15 + 12 = 4*s - 3*b, -4*s - 3 = r*b. Suppose 13 = j - 3*h, j = -3*h - 2 - s. Calculate the greatest common divisor of 4 and j.
4
Suppose -2 = -17*u + 15. Suppose 3*a + 12 = -r, -3*r - 3*a + a = u. What is the highest common factor of 69 and r?
3
Suppose 1214*i + 7795 = n + 1213*i, 2*i + 6 = 0. Calculate the highest common divisor of n and 64.
16
Let g = -21059 + 27037. What is the greatest common divisor of g and 392?
98
Suppose 2*i = -h + 84, i = 3 - 2. Suppose 0 = 5*r - 2*j - 0*j - 423, 0 = -4*j + 4. Let w = r - h. Calculate the highest common divisor of 6 and w.
3
Suppose 13*a - 11*a = 30. Suppose -415*f + 414*f = -4*s + 74, -30 = -5*f. Calculate the greatest common factor of a and s.
5
Let d be 217 - (-12 + 0)/4. Let x be (-663)/(-5) + (-10)/(-25) - (10 - 9). Calculate the greatest common divisor of x and d.
44
Let j(g) be the third derivative of g**4/12 - g**3/3 - g**2. Let b be j(2). Let s be ((-24)/(-4) - b)*3. Calculate the greatest common divisor of 3 and s.
3
Suppose 2*v + 2*p = 220, 4*v = 3*p + 209 + 217. Suppose 5*j + 42 = 2*d + 7*j, 4*j = 4*d - v. Calculate the greatest common divisor of 84 and d.
12
Suppose -35*m - 13416 = -207*m. Calculate the highest common factor of m and 975.
39
Suppose 42*h = -2*b + 40*h + 8626, 3*h + 56181 = 13*b. What is the highest common divisor of b and 150?
30
Suppose 141 = -37*w + 84*w. Calculate the highest common divisor of 921 and w.
3
Let s be (1*2)/(2 + 55/(-30)). Suppose 5*i = s*i - 1764. Suppose 3*j - 9*j = -i. What is the greatest common factor of 105 and j?
21
Suppose 9*k - 153 = 99. Let a be (-13 - -9)/((1/(-24))/((-98)/(-21))). Calculate the highest common factor of a and k.
28
Suppose 459*p = 323*p + 21760. Calculate the greatest common factor of p and 968.
8
Suppose 13*b - 15*b - 106 = 0. Let d = -38 - b. Let o be 10/d*-3 + 80. What is the highest common factor of 26 and o?
26
Let q be 8/2 + -11 + 9. Suppose 2*i + 42 = q*f, 4*i - 3*i = 5*f - 33. Let u be (-4)/i - (-7 - (-640)/(-36)). What is the greatest common factor of 175 and u?
25
Let x be ((-3